
False
Is 1518745 prime?
False
Is 2071 a composite number?
True
Is 559681 composite?
True
Is 25549 a prime number?
False
Is 183907 a prime number?
True
Is 27689 prime?
True
Is 15391 prime?
True
Is 2970329 composite?
False
Is 205229 composite?
True
Is 145121 a prime number?
True
Is 2815 prime?
False
Is 57617 a composite number?
True
Is 2894 a prime number?
False
Is 2327 a composite number?
True
Is 3463 composite?
False
Is 309193 composite?
False
Is 56089 a composite number?
True
Is 440641 prime?
True
Is 37463 a composite number?
False
Is 35521 composite?
False
Is 264263 a prime number?
True
Is 45134 a prime number?
False
Is 5581 a composite number?
False
Is 110527 prime?
True
Is 78377 a prime number?
False
Is 29649 composite?
True
Is 157687 prime?
False
Is 21778 a prime number?
False
Is 1907 a prime number?
True
Is 318277 prime?
False
Is 1571183 a composite number?
False
Is 305537 prime?
False
Is 25261 prime?
True
Is 457081 prime?
False
Is 4481 prime?
True
Is 4007 prime?
True
Is 7559 a composite number?
False
Is 24821 composite?
False
Is 576995 prime?
False
Is 97499 a prime number?
True
Is 2833 a composite number?
False
Is 137393 prime?
True
Is 3671 a composite number?
False
Is 8419 prime?
True
Is 3043 prime?
False
Is 3589 prime?
False
Is 4717 a composite number?
True
Is 10061 a composite number?
False
Is 3901 prime?
False
Is 829681 composite?
True
Is 5557 prime?
True
Is 41443 composite?
False
Is 6247 prime?
True
Is 1094213 prime?
False
Is 1282 prime?
False
Is 153509 prime?
True
Is 7307 prime?
True
Is 443 a prime number?
True
Is 25009 composite?
True
Is 12449 prime?
False
Is 98251 a prime number?
True
Is 286489 composite?
True
Is 48563 prime?
True
Is 211007 a prime number?
True
Is 17567 composite?
True
Is 77431 prime?
True
Is 25195 a prime number?
False
Is 552889 prime?
False
Is 239017 a composite number?
False
Is 2321 prime?
False
Is 868469 a composite number?
True
Is 195863 a composite number?
False
Is 140803 prime?
False
Is 65479 prime?
True
Is 6197 a composite number?
False
Is 43889 composite?
False
Is 16921 prime?
True
Is 64109 a composite number?
False
Is 502613 composite?
False
Is 17231 composite?
False
Is 20161 a prime number?
True
Is 111743 prime?
False
Is 48017 prime?
True
Is 617611 composite?
True
Is 141371 a prime number?
True
Is 35369 composite?
True
Is 6503 composite?
True
Is 9179 prime?
False
Is 154753 a composite number?
False
Is 497 composite?
True
Is 34123 prime?
True
Is 124393 a prime number?
False
Is 34577 prime?
False
Is 966607 prime?
False
Is 313377 prime?
False
Is 14243 a composite number?
False
Is 17213 composite?
True
Is 2129 a composite number?
False
Is 2333 composite?
False
Is 664951 composite?
True
Is 24305 composite?
True
Is 869 a prime number?
False
Is 427426 a prime number?
False
Is 136923 a prime number?
False
Is 490873 a prime number?
False
Is 133583 prime?
True
Is 21703 composite?
True
Is 1403 a prime number?
False
Is 531653 prime?
False
Is 298579 a composite number?
False
Is 591013 a composite number?
True
Is 1243 prime?
False
Is 26309 prime?
True
Is 88853 composite?
False
Is 47239 composite?
True
Is 40519 a prime number?
True
Is 9851 prime?
True
Is 1231233 prime?
False
Is 4315 composite?
True
Is 10267 prime?
True
Is 22523 a composite number?
True
Is 45233 a prime number?
True
Is 229373 prime?
True
Is 233863 composite?
True
Is 11273 a composite number?
False
Is 248917 a composite number?
True
Is 50357 composite?
True
Is 237673 composite?
False
Is 42337 composite?
False
Is 34555 a prime number?
False
Is 405785 composite?
True
Is 798293 prime?
True
Is 283303 composite?
False
Is 907 composite?
False
Is 1735183 prime?
True
Is 1111637 prime?
True
Is 1111 prime?
False
Is 2237 a composite number?
False
Is 44111 prime?
True
Is 177883 a composite number?
False
Is 29473 a prime number?
True
Is 147471 a composite number?
True
Is 21961 prime?
True
Is 211 a composite number?
False
Is 255067 a prime number?
False
Is 3683 composite?
True
Is 91037 a composite number?
True
Is 102269 prime?
False
Is 44297 a composite number?
True
Is 42667 a prime number?
True
Is 491 prime?
True
Is 45361 composite?
False
Is 2929 composite?
True
Is 4211 prime?
True
Is 3491 a composite number?
False
Is 29717 a composite number?
False
Is 1397 a composite number?
True
Is 4274333 prime?
False
Is 358165 composite?
True
Is 183263 composite?
False
Is 367519 a composite number?
False
Is 238403 composite?
True
Is 179506 a composite number?
True
Is 186619 prime?
True
Is 26227 a composite number?
False
Is 203119 a composite number?
True
Is 16013 composite?
True
Is 1793243 a composite number?
True
Is 20563 composite?
False
Is 182987 a composite number?
True
Is 7711 composite?
True
Is 23651 a prime number?
False
Is 82487 prime?
True
Is 29199 a prime number?
False
Is 10559 prime?
True
Is 187211 prime?
True
Is 211747 a prime number?
True
Is 1906153 composite?
False
Is 213281 a composite number?
False
Is 823838 composite?
True
Is 18743 a prime number?
True
Is 307091 a prime number?
True
Is 77627 a composite number?
True
Is 4141 composite?
True
Is 398591 a composite number?
False
Is 1204681 a composite number?
False
Is 8333 composite?
True
Is 29123 prime?
True
Is 62801 a composite number?
False
Is 11369 a prime number?
True
Is 1746479 composite?
True
Is 12451 a composite number?
False
Is 31082 a prime number?
False
Is 18787 a composite number?
False
Is 33265 composite?
True
Is 40585 prime?
False
Is 150739 a composite number?
True
Is 1033493 composite?
False
Is 93259 prime?
False
Is 36197 a prime number?
False
Is 12079 a composite number?
True
Is 9239 a composite number?
False
Is 3785 a composite number?
True
Is 194291 a composite number?
True
Is 156071 a composite number?
False
Is 50033 composite?
False
Is 38431 a prime number?
True
Is 19517 prime?
False
Is 7997 a composite number?
True
Is 304539 a prime number?
False
Is 19571 a prime number?
True
Is 9511 prime?
True
Is 133481 composite?
False
Is 143197 composite?
False
Is 8609 prime?
True
Is 38813 prime?
False
Is 8203 a prime number?
False
Is 69109 a prime number?
True
Is 66137 a composite number?
False
Is 18317 a composite number?
True
Is 6739 a prime number?
False
Is 103101 composite?
True
Is 1319 composite?
False
Is 225767 a composite number?
False
Is 1108829 a composite number?
True
Is 54701 a prime number?
False
Is 35671 a composite number?
False
Is 25607 prime?
False
Is 98263 prime?
False
Is 5089 prime?
False
Is 7817 prime?
True
Is 65159 a prime number?
False
Is 4393 prime?
False
Is 19661 a composite number?
False
Is 22189 a composite number?
False
Is 2551 composite?
False
Is 64859 prime?
False
Is 14051 prime?
True
Is 3541 a composite number?
False
Is 315187 a composite number?
True
Is 668485 prime?
False
Is 120751 a prime number?
False
Is 90491 a prime number?
False
Is 65621 composite?
True
Is 36611 a composite number?
True
Is 7621 a composite number?
False
Is 9533 a composite number?
False
Is 394 prime?
False
Is 5581 prime?
True
Is 2873947 composite?
False
Is 41453 a prime number?
True
Is 280729 a composite number?
False
Is 8009 composite?
False
Is 40399 a prime number?
False
Is 35414 composite?
True
Is 4799 composite?
False
Is 1666011 composite?
True
Is 2395 a prime number?
False
Is 3043 prime?
False
Is 1633393 composite?
True
Is 3694 a composite number?
True
Is 52679 a prime number?
False
Is 155807 prime?
False
Is 1823 composite?
False
Is 63487 a composite number?
False
Is 15727 a composite number?
False
Is 28463 prime?
True
Is 25061 prime?
False
Is 75935 prime?
False
Is 671471 a prime number?
True
Is 5482 composite?
True
Is 207113 a prime number?
True
Is 4083 composite?
True
Is 207743 a composite number?
False
Is 2323 a prime number?
False
Is 15362 prime?
False
Is 1000241 composite?
True
Is 38117 prime?
False
Is 2386 a prime number?
False
Is 24899 composite?
True
Is 27349 a composite number?
True
Is 1498967 composite?
True
Is 9517 composite?
True
Is 78083 composite?
True
Is 1415 prime?
False
Is 240811 a prime number?
True
Is 442781 a composite number?
False
Is 701317 a prime number?
False
Is 22693 prime?
False
Is 145993 a composite number?
True
Is 4063 a composite number?
True
Is 251 a composite number?
False
Is 65035 prime?
False
Is 19819 a prime number?
True
Is 4443 a prime number?
False
Is 253